 = d + 11. Let w be 2*2*d/4. Let k = 59 - w. What is the highest common factor of k and 10?
10
Let l be 150/45*(-54)/(-10). What is the greatest common factor of l and 90?
18
Suppose -3*w - w + 1163 = 3*j, -j + 876 = 3*w. Suppose w + 174 = 5*m - 3*g, 5*g + 20 = 0. Calculate the highest common factor of m and 13.
13
Let m(u) = -u**3 - 3*u**2 + 5*u + 4. Let x be m(-4). Suppose x = -5*a - 0*a + 25. What is the greatest common divisor of a and 5?
5
Suppose 5*s = -3*i - 16, 3*i - 2*s + 3*s = -8. Let j be -3 + 17 - i/2. Calculate the highest common factor of j and 15.
15
Let n(k) = k**2 + 3*k - 32. Let j be n(5). Let h(g) be the second derivative of -4*g**3/3 - g. Let m be h(-2). What is the highest common factor of m and j?
8
Suppose -28 = -x - 3*x. Let k(q) = q**3 - 8*q**2 + 11*q - 8. Let b be k(x). What is the greatest common factor of b and 30?
10
Let l = 8 - 6. Let y = -1 + 6. What is the greatest common factor of y and l?
1
Suppose 12*m = 23*m - 165. Let v be ((-120)/(-3))/(4/6). Calculate the greatest common divisor of m and v.
15
Let p = 113 + 47. What is the highest common factor of 20 and p?
20
Suppose 2*r + y - 25 = 0, -45 = r - 5*r - 3*y. What is the greatest common factor of r and 30?
15
Suppose 0 = -3*m + 8*m - 210. What is the highest common divisor of m and 28?
14
Suppose 0 = -4*w - 12, 5*u - 3*w - 16 = -6*w. Suppose u*f + 5*j = 300, j = -5*f - 46 + 346. Let g = 43 - 28. What is the greatest common divisor of g and f?
15
Let g = -7 - -7. Suppose i + 2*i - 27 = g. Let n be 2/(-9) - 29/(-9). What is the greatest common factor of n and i?
3
Suppose 5*y = -4*t + 86, 0 = t + 5*y + 10 - 39. Suppose 0 = -p - 4*o + 98, 2*o + 3*o = -2*p + 208. Calculate the greatest common divisor of p and t.
19
Suppose 4*n - 4*d = 144, 3*d = 4*n - 59 - 89. Suppose -137*f - 20 = -139*f. What is the highest common factor of f and n?
10
Suppose -3*k + 5*k - 2 = q, 0 = -k - 4*q + 19. Let g be (-31)/(-1) + k - 3. Calculate the greatest common factor of g and 279.
31
Let n be (-2)/((-4)/(-38)) - -4. Let l = n - -22. What is the greatest common divisor of l and 35?
7
Let o = -57 + 89. Let k be (-2)/(-5)*(-2 + 7). Suppose 0 = k*g + 5*l + 3 - 6, 3*g = 5*l + 17. Calculate the greatest common factor of g and o.
4
Suppose 4*n - 6 = -5*o, 2*n + n + 11 = 4*o. Let l be (-18)/(-12) + (-1)/o. Calculate the highest common factor of l and 11.
1
Suppose -2*f + 54 = f. Let d be (2 - 0) + 1*4. Calculate the highest common factor of f and d.
6
Let m = 15 - 4. What is the greatest common divisor of 22 and m?
11
Let o(d) = 47*d + 1. Let r be o(1). Let u(v) = v**3 + 2*v**2 - 4*v - 1. Let s be u(3). What is the highest common factor of r and s?
16
Suppose -3*q + 3*m + 14 = m, -3*q + 16 = -m. Calculate the greatest common divisor of q and 24.
6
Let h = 6 + -1. Calculate the highest common factor of 25 and h.
5
Suppose 5*c + 3*k - 370 = 0, -4*c - 35 + 333 = 2*k. What is the highest common divisor of 7 and c?
7
Let k(g) = -g - 1. Let y be k(-5). Let d = 10 - y. Let b be 75/d*(-8)/(-10). What is the greatest common divisor of 90 and b?
10
Suppose r = o - 26 - 19, 0 = 3*o + 5*r - 175. Let a be 180/(-48)*8/(-3). Calculate the greatest common divisor of a and o.
10
Suppose -4*h + 18 = -h. Suppose -i - 2*u + 0 = 4, -5 = u. Suppose 3*b = h + i. Calculate the highest common factor of 12 and b.
4
Suppose -10 = -2*f + 24. Calculate the greatest common divisor of f and 85.
17
Let n = 2 + -3. Let i be n/(-1*2/12). Let h = 543 + -540. What is the highest common divisor of i and h?
3
Let i(k) = -k**3 - k**2 + k + 3. Let q be i(-7). What is the highest common divisor of 58 and q?
58
Suppose 1 - 36 = -5*c. Let q = -5 - -11. Let g = 13 - q. Calculate the highest common divisor of c and g.
7
Let w be (1 - 20)/(1/(-2)). Suppose 5*b = 2*r + 469, 4*b + 2*r - 377 = 3*r. What is the greatest common divisor of w and b?
19
Let y = -32 - -71. Suppose 3*s + 0*s - y = 0. Let l(v) = 10*v - 1. Let d be l(4). What is the highest common divisor of d and s?
13
Suppose 9 = -2*n + 3*i, -3*n - 4*i + 12 = -0*n. Suppose 0 = 3*q + 5*o - 32 - 16, n = -3*q - 3*o + 48. What is the highest common factor of q and 4?
4
Let l = 124 - 74. Calculate the highest common divisor of 20 and l.
10
Suppose -2*p + 3*z + 145 = 0, 6*p + 5*z = 2*p + 345. Calculate the highest common divisor of p and 20.
20
Let d(j) = -j**2 - 14*j - 16. Let i be d(-11). Suppose 2*u - 3*u + i = 0. Suppose -5*l + 23 = -u. Calculate the greatest common divisor of 56 and l.
8
Let x(n) = n**3 + 6*n**2 - n - 1. Let y be x(-7). Let c = 73 + y. Calculate the highest common divisor of 15 and c.
15
Suppose -420 = -5*x - 25. Suppose 5*v - 19 = 2*m - x, -m - 61 = 4*v. Let n be (-228)/v - (-4)/(-14). What is the greatest common divisor of n and 176?
16
Let f = 20 + 12. Calculate the highest common factor of f and 144.
16
Let l = 47 - 30. Calculate the greatest common factor of 51 and l.
17
Let o(d) = d**2 - 4*d + 4. Let f be o(5). Let a = 25 + -16. What is the greatest common factor of a and f?
9
Let j = -16 - -7. Let c = 7 - j. Let l be (10/(-25))/((-1)/10). Calculate the highest common divisor of l and c.
4
Let m(o) = o - 10. Let p be m(10). Suppose p = 3*a - 7 - 11. What is the highest common factor of a and 66?
6
Suppose 4*s = 5*t - 160, -7*t - 4*s = -3*t - 92. Calculate the highest common factor of t and 14.
14
Suppose -t + 4 = -18. Let p = t - 16. Calculate the highest common divisor of 9 and p.
3
Suppose -2*n + 166 = -138. Calculate the highest common factor of 19 and n.
19
Suppose 3*v + 0*v = 12. Calculate the greatest common divisor of v and 4.
4
Let y = -14 + 14. Suppose -4*b + 0*b + 72 = y. What is the greatest common divisor of 54 and b?
18
Suppose 30 + 36 = 3*c. Calculate the highest common factor of c and 22.
22
Suppose 4*a = -42 + 122. What is the greatest common divisor of a and 10?
10
Let i = 38 - 22. What is the greatest common factor of 80 and i?
16
Let y(q) = q**3 + 2*q**2 - q + 1. Let z be y(2). Let m = -2 - -1. Let k be 1 - -12 - (-1 + m). Calculate the greatest common divisor of z and k.
15
Let a = 900 + -184. Let k be (-6)/(-15) + a/10. Let b be 7 + (-1 - (1 - 3)). Calculate the greatest common factor of k and b.
8
Let r be (10 + -7)*(-4)/6*-2. Calculate the greatest common factor of r and 12.
4
Let o be (3/6)/((-3)/(-396)). Let d = -3 - -9. What is the greatest common divisor of d and o?
6
Let q be 1/1*1/1. Let k be q + 0 + 0 + 134. Let x = 36 - 21. Calculate the highest common factor of k and x.
15
Suppose 6*a = 2*a + 4*q + 24, -4*a - 3*q - 11 = 0. Let m be a - (-1 - 0) - -9. Let v = 160 + -138. What is the highest common divisor of v and m?
11
Let h be ((-12)/(-36))/(1/96). What is the greatest common factor of h and 80?
16
Suppose -2 = -2*r - 0. Calculate the greatest common divisor of r and 5.
1
Suppose 4*t - 12 = -5*x, 5*x - 8*t - 30 = -3*t. Suppose -l - x = -26. What is the greatest common divisor of 2 and l?
2
Let s(b) = -3*b + 1. Let w be s(-6). Suppose 2*h - 38 = 5*j, 4*h - 5*h - 3*j = -w. What is the greatest common factor of 57 and h?
19
Let j = -206 + 209. Suppose -4*k + k = -6. Calculate the highest common divisor of k and j.
1
Let n = 433 - 254. Suppose 5*y = 1 + n. Let h be (-1 - -7)*3/2. What is the greatest common factor of h and y?
9
Suppose -r + 4*r = 84. Suppose -4*h - 2*z = -38, 4*z - 46 = -5*h + 2*z. Let b be ((-1)/2)/((-1)/h). What is the highest common divisor of r and b?
4
Suppose 6 = 3*s + 5*m, 2*s = 3*m - 0*m + 4. Suppose -s*w - 32 = -4*c, 0 + 4 = w. What is the greatest common divisor of 20 and c?
10
Suppose 3*u - 19 - 23 = 0. Let k(g) = 14*g**2 - 3*g - 5. Let l be k(3). What is the greatest common factor of l and u?
14
Suppose 4*d - 2*v = 16, -v + 4 = -0. Let n = d - -4. Let w(a) = a + 2. Let l be w(3). What is the highest common divisor of n and l?
5
Suppose 2*k = 5*l + 99, 6*l = 3*l + 5*k - 48. Let x = l - -32. Calculate the greatest common divisor of x and 22.
11
Let y(l) = -l**3 - 16*l**2 + 46*l. Let w be y(-19). Calculate the greatest common divisor of w and 19.
19
Suppose k - 28 - 12 = 0. Calculate the greatest common divisor of 5 and k.
5
Let y(r) = r + 4. Let n be y(0). Suppose n*m = -3*u + 692, -m + 186 = -4*u + 8*u. Let s be m/4 - (-2)/(-4). What is the greatest common divisor of s and 28?
14
Suppose 2*o + 